Suppose 3*w - 8*w = -15. Let s(f) be the second derivative of -f**6/360 + f**5/30 + f**4/12 - f**3/2 + f. Let x(a) be the second derivative of s(a). Give x(w).
5
Let h(u) = -u - 4. Let q be (1 + (1 - 2))/2. Suppose q*a + g = 5*a - 32, 3*g + 19 = 4*a. Let p = -12 + a. Calculate h(p).
1
Let z(q) be the second derivative of -1/20*q**5 + 7/6*q**3 + 3*q - 2*q**2 + 1/3*q**4 + 0. Determine z(5).
6
Let f = 24 + -22. Let x(v) = 7*v**3 + 2*v**2 + 3*v - 2. Let u(p) = -6*p**3 - 2*p**2 - 4*p + 3. Let s(t) = f*u(t) + 3*x(t). Calculate s(-1).
-8
Let j(a) = a + 5. Let z(r) = 4*r - 6. Let q be z(4). Suppose 0 = t - q. Suppose 3*p - 5*p + t = 0. Determine j(p).
10
Suppose 0 = 8*q - 3*q - 5*x - 30, 2*q + 2*x - 4 = 0. Let k = q + -2. Let w(r) = 8*r - 3*r + r**2 - k*r**2 + 3. Calculate w(4).
7
Let v(z) be the second derivative of -z**4/12 - z**3 + 3*z**2/2 + 3*z. Suppose -4*w - 3*w = 42. Calculate v(w).
3
Let l(c) = 10*c + 2. Suppose u + 1 = -2*o, 0 = 4*u + u - 15. Determine l(o).
-18
Suppose 2*u = 2*i + 16, 0 = 3*i - 2*u + 22. Let n(x) = 0*x + 4*x + x**2 + 3 + 2*x. Give n(i).
3
Let x(q) = 2*q + 8. Let b be 45/10*4/(-3). Determine x(b).
-4
Let q(v) = -5*v**2 + 7*v - 2. Let x(d) = -d**2 - 1. Let z(p) = q(p) - 6*x(p). Calculate z(-3).
-8
Let l(m) = -m**3 + 2*m**2 + m - 2. Suppose 2*w = 3*w + 5, -2*a = -5*w - 29. Suppose 5*f = a*k - 0 + 2, -2*f + 2*k = 4. Calculate l(f).
0
Let i(t) be the second derivative of t**4/6 + 5*t**3/6 + t**2/2 - 3*t. Calculate i(-4).
13
Let b(x) = -4*x + 8. Let r be b(5). Let s = r - -6. Let o(g) = -g - 1 - 5 - 1. What is o(s)?
-1
Let h(n) = -3*n**2 + 2*n - 1. Let r(a) = -a**2. Let q(x) = -h(x) + 6*r(x). Give q(2).
-15
Let v(f) = f**2 + 4*f - 5. Let u(g) = 4*g - 44. Let w(h) = h - 11. Let y(p) = -2*u(p) + 9*w(p). Let k be y(7). What is v(k)?
-5
Let h = 7 + -23. Let a = 11 + h. Let q(l) = l. Let z(k) = -4*k - 4. Let y(j) = q(j) + z(j). Calculate y(a).
11
Let b(q) = 7*q + 2. Let g be b(1). Suppose 4*f - 1 + g = 0. Let x(i) = 5*i - 2. What is x(f)?
-12
Let h(d) = 3*d - 23. Let i be h(7). Let j(p) be the second derivative of p**4/12 - p**3/3 - p**2 + p. Give j(i).
6
Let q(o) be the first derivative of o**3/3 + 3*o**2 - 5*o + 9. Give q(-6).
-5
Let k(a) = a**2 + 3*a - 2. Let i(r) = r**2 + 13*r - 4. Let h be i(-13). Calculate k(h).
2
Let l(g) = -14*g**2 + 32*g**2 - 13*g**2 - g. Calculate l(1).
4
Let c be -2 + (1/(-1) - 1). Let l(k) = -7*k + 25. Let x(g) = -g + 4. Let m(z) = -6*l(z) + 39*x(z). Determine m(c).
-6
Let a(d) = -d**3 + 3*d**2 - 3*d. Suppose -z = -4*h - 8, -h - 5 = -3*z - 3. Let r be 8/(-2) - (h + 4). Let q be r/21 - (-23)/7. What is a(q)?
-9
Let a be 6/(-27) + (-4)/(-18). Let w = 2 - a. Let v(y) = -5 + 2 + 4*y**2 - 3*y**w + 5*y. Give v(-5).
-3
Let h(t) = -1 - 6 - 9*t**2 + 10*t**2 - 5*t. Determine h(6).
-1
Let o(g) be the third derivative of -3*g**2 + 1/6*g**4 + 0*g + 0 + 1/2*g**3. Calculate o(-2).
-5
Let t be 3/(-4) + (-36)/(-48). Suppose 8 + t = -4*w. Let p(j) = -j**2 - 5*j - 2. Determine p(w).
4
Let v be (-40)/(-18) - 4/18. Let f be 30*3/(15/v). Let n be (-25)/(-4) - 3/f. Let s(g) = -g**2 + 8*g - 6. Calculate s(n).
6
Let t(p) = -p**2 + p + 7. Let a(c) = 11*c. Let b be a(1). Suppose 0 = 5*u + 2*y - b, 3*u + 4 = -3*y + 16. Let f(r) = -r**2 + 1. Let g be f(u). Give t(g).
7
Let q(u) = -5*u + 3. Suppose i = 5*s - 5, -5*i + 29 = -2*s + 4*s. What is q(s)?
-7
Let j = 4 + -1. Suppose -6 = 3*d + j*p, 2*d = -2*d + 2*p - 14. Let x(i) = -i**3 - 3*i**2 + i + 2. Calculate x(d).
-1
Let f(w) = -w**2 + 4*w + 8. Let g(h) = -h**2 + 13*h - 16. Let x be g(11). What is f(x)?
-4
Let m(v) be the second derivative of -v**6/20 + v**5/60 + v**4/24 + v**3/6 - 5*v**2 - 9*v. Let u(i) be the first derivative of m(i). What is u(-1)?
7
Let f(y) = -3*y**2 + 32*y + 23. Let l(i) = -i**2 + 11*i + 8. Let h(u) = 6*f(u) - 17*l(u). Give h(5).
2
Suppose 4*b + 0*b = 116. Suppose 0 = -3*r + m + b + 20, 3*r - 45 = 3*m. Let g(u) = -17 + r + u**2. What is g(3)?
9
Let q(x) = -2*x**3 - 2*x**2 - 1. Let r(g) = g**3 + g**2 - g + 1. Let s(y) = q(y) + 3*r(y). Give s(2).
8
Let t(x) = -x**3 - 5*x**2 + x + 3. Let p(w) = -w**2 + 7*w - 5. Let j be p(7). Determine t(j).
-2
Let g(v) = 3*v**2 + 3*v - 1. Let l be g(1). Let u(k) = -k**2 + 6*k - 7. Give u(l).
-2
Let c = 5 + -9. Let r = -7 - c. Let u(g) = g. Calculate u(r).
-3
Let q be (-12)/(-72) + 11/6 + 2. Let w(b) be the third derivative of -b**5/60 + b**4/4 - b**3 + b**2. Calculate w(q).
2
Let l(k) = -3*k**2 - 2*k**3 + k**2 - 2*k - k**2. Suppose 3*p + 22 = -4*d, -5*p - 6 + 0 = -d. What is l(p)?
8
Let d(f) be the first derivative of -f**2 - 2*f - 1. Let v(h) = -2*h**3 + h**2 - 1. Let g = 3 + -4. Let c be v(g). Give d(c).
-6
Let m(r) = -19 + 10 + 0*r + 3*r + 18. Suppose w = 3*w + 12. Calculate m(w).
-9
Let i(b) = -2*b. Let c be i(2). Let d = 1 - 0. Let j(k) = -d + 2*k + 4 - k. Calculate j(c).
-1
Let n(j) = -73*j + 3 - 3 + 53*j. What is n(1)?
-20
Let t(j) = -2*j**3 - j**2 + 3*j + 3. Let a be t(-2). Suppose 2*z - a = -n, 3 = 2*z - 7. Let y(o) = 5*o**3 - 2*o**2 + 1. What is y(n)?
-6
Let w be 12*(2/(-4) + 1). Suppose w*l - l - 20 = 0. Suppose 10 = -l*z - z. Let x(r) = -2*r**2 + r. Determine x(z).
-10
Suppose -1 + 6 = v. Let c(q) = q - 2. Let r be c(v). Let p(g) = -g**2 + 2*g - 2. Determine p(r).
-5
Let y(d) = d**3 - 4*d**2 - 6*d + 3. Let w be -5*(-5 + -1 + 2 - -3). Give y(w).
-2
Suppose 3*h + 7 = -g - 0, 3*g + 2*h = 0. Let d(j) = 0*j**3 + 7 - g*j - 4*j**3 - j + 4*j**2 + 5*j**3. Give d(-5).
-3
Let q(y) = -2*y - 2. Let l(g) = g - 1. Suppose 11 - 31 = 5*s. Let r = 7 + s. Let i(o) = r*l(o) + q(o). What is i(3)?
-2
Suppose k = -y + 6*k - 12, 21 = 5*y + 2*k. Suppose -2*d - 5 = -d. Let s(i) = -i**2 - 1. Let a(c) = -c**2 - c - 3. Let g(v) = d*s(v) + 3*a(v). What is g(y)?
5
Let d be (-3 - -2)*(-3)/1. Let c = d - 8. Let p(y) = y**3 + 6*y**2 + 4*y - 1. What is p(c)?
4
Let q(h) = -h**3 + 6*h**2 - 6*h + 3. Let u be (-30)/(-4)*4/6. What is q(u)?
-2
Let z(b) = -1 + 18*b**2 + 11*b - 7*b - 2*b. Determine z(1).
19
Let b be ((-3)/6)/((-1)/(-2)). Let r(d) = -3*d**3 + 1 + 5*d**2 - 13*d**2 + 4*d**2 + 3*d**2. What is r(b)?
3
Let v(f) = -4*f**3 + 3*f**2 - 12*f + 16. Let r(l) = l + 1. Let q be r(6). Let o(b) = b**3 - b**2 + 4*b - 5. Let x(w) = q*o(w) + 2*v(w). Determine x(2).
-7
Suppose 2*t - 108 - 20 = 0. Suppose -5*a + 1 + t = 0. Let u be (-2)/8 + a/4. Let l(p) = p**2 - 5*p + 3. Determine l(u).
-3
Suppose 4*m = 8*m + 3*m. Let r(u) be the third derivative of -1/6*u**3 + m + 0*u - 1/12*u**4 - 3*u**2. Calculate r(4).
-9
Let s(h) be the first derivative of h**2 - 3*h - 3. What is s(-4)?
-11
Let d(h) be the second derivative of -h**4/12 + 5*h**3/6 - 3*h**2 - 13*h. What is d(5)?
-6
Let h(i) = i**2 - 3*i - 5. Let p be h(-2). Let x(y) = y**3 - 6*y**2 + 5*y - 6. Give x(p).
-6
Let d(r) = r**3 + 4*r**2 + 4*r + 1. Let x(w) be the third derivative of -w**5/60 + w**4/24 + w**3/6 - 7*w**2. Let o(q) = d(q) - x(q). Determine o(-4).
4
Let r(y) = -y - 2 - 4*y + 8*y + 6. Give r(5).
19
Let i(r) be the first derivative of r**2 - 8*r + 13. Give i(6).
4
Let f be 3/((-1)/(2/(-3))). Let h(m) = 4 - 2 + 3*m - 2*m - 5*m. Let k(p) = 20*p - 10. Let y(d) = -14*h(d) - 3*k(d). What is y(f)?
-6
Let s = 7 - 5. Let y(a) = -2*a - 6 + 0*a**2 - a**s + 8*a. Give y(5).
-1
Let v(t) = 2*t - 1. Let l = -7 - -7. Suppose w + 2 - 3 = l. Give v(w).
1
Let k(z) = 0 + 2 + 3*z**2 - z - 3. Let v(t) = -t + 2. Let n be v(2). Suppose n*a + 4 = 2*a. Determine k(a).
9
Suppose 0*f - 2*f = 0. Let v(x) = x - 3*x - 8 + f*x + x. Give v(-7).
-1
Let j(z) be the third derivative of z**5/120 - z**4/4 - 5*z**3/6 + 2*z**2. Let o(u) be the first derivative of j(u). Calculate o(0).
-6
Let s(b) = -5*b**3 - 3*b**2 + 2*b + 2. Let j(w) = w**3 + w**2 - w - 1. Let n(v) = 4*j(v) + s(v). Determine n(-2).
14
Let u(o) = 2*o**2 + 3*o + 3. Let h be u(-2). Let v(c) = 2*c - 6. Determine v(h).
4
Let k(l) = -l**3 - 8*l**2 - 7*l + 6. Let y be k(-7). Let s(w) = 15 - 5*w**2 - 11 - 7*w + 0*w**3 + w**3. Give s(y).
-2
Let d(l) = 22 - 5*l**2 + l**3 - 35 + 20. Determine d(5).
7
Let y be (-24)/9 - (-4)/6. Let j(a) = 2*a**2 + 2*a + 2. Let v be j(y). Let z(b) = -b**3 + 7*b**2 - 7*b + 6. Give z(v).
0
Let f(p) be the third derivative of -p**5/60 - 7*p**4/24 - 5*p**3/6 + 10*p**2. What is f(-7)?
-5
Let x(b) = -4*b + 169 - 80 - 83. Give x(4).
-10
Let n(d) = -d**3 - 7*d**2